040 a multiple of 26?
True
Does 11 divide 7237?
False
Is 23 a factor of 4796?
False
Does 10 divide 1130?
True
Does 11 divide 64872?
False
Is 6 a factor of 18?
True
Does 4 divide 45?
False
Is 4 a factor of 58?
False
Is 21 a factor of 21?
True
Does 36 divide 864?
True
Is 43891 a multiple of 16?
False
Does 9 divide 2100?
False
Is 33 a factor of 3524?
False
Is 771 a multiple of 2?
False
Is 48 a factor of 114?
False
Does 39 divide 1872?
True
Does 3 divide 26?
False
Is 12475 a multiple of 10?
False
Does 2 divide 87?
False
Is 88 a factor of 2728?
True
Is 288 a multiple of 18?
True
Is 222 a factor of 14874?
True
Is 160 a multiple of 40?
True
Does 87 divide 5405?
False
Does 15 divide 3135?
True
Does 60 divide 300?
True
Is 213 a factor of 55785?
False
Does 3 divide 567?
True
Is 5295 a multiple of 42?
False
Is 17864 a multiple of 44?
True
Does 20 divide 1932?
False
Does 77 divide 859?
False
Is 9 a factor of 441?
True
Is 23 a factor of 1506?
False
Does 20 divide 1320?
True
Is 77 a factor of 167531?
False
Is 38 a factor of 1290?
False
Is 8 a factor of 29930?
False
Is 6282 a multiple of 43?
False
Does 110 divide 267?
False
Is 270 a multiple of 54?
True
Is 1216 a multiple of 65?
False
Is 8 a factor of 325?
False
Is 167 a multiple of 7?
False
Is 39 a factor of 2964?
True
Is 7 a factor of 4955?
False
Does 6 divide 293?
False
Does 17 divide 1241?
True
Does 201 divide 17263?
False
Is 20 a factor of 500?
True
Does 79 divide 1896?
True
Does 9 divide 1284?
False
Does 30 divide 26668?
False
Is 2 a factor of 2984?
True
Is 91 a factor of 37599?
False
Is 26 a factor of 1694?
False
Does 7 divide 549?
False
Is 23 a factor of 3105?
True
Is 79968 a multiple of 136?
True
Is 525 a multiple of 7?
True
Is 15 a factor of 368?
False
Does 59 divide 21063?
True
Does 12 divide 137?
False
Is 14345 a multiple of 41?
False
Is 20 a factor of 328?
False
Does 10 divide 1156?
False
Is 34 a factor of 5576?
True
Is 868 a multiple of 33?
False
Is 3 a factor of 88?
False
Is 672 a multiple of 6?
True
Does 9 divide 100?
False
Is 26 a factor of 1634?
False
Is 34 a factor of 62322?
True
Is 1088 a multiple of 68?
True
Is 45 a factor of 3465?
True
Does 11 divide 1051?
False
Is 48840 a multiple of 22?
True
Is 27 a factor of 129?
False
Does 5 divide 240?
True
Is 17619 a multiple of 35?
False
Is 15485 a multiple of 116?
False
Does 7 divide 4197?
False
Does 3 divide 278?
False
Is 3 a factor of 654?
True
Does 27 divide 675?
True
Is 6 a factor of 25068?
True
Does 11 divide 330?
True
Does 59 divide 1062?
True
Does 23 divide 2783?
True
Does 5 divide 344?
False
Is 2988 a multiple of 18?
True
Is 9180 a multiple of 32?
False
Is 50710 a multiple of 22?
True
Does 4 divide 11560?
True
Is 78 a factor of 2370?
False
Is 24 a factor of 1176?
True
Is 3145 a multiple of 4?
False
Does 48 divide 6912?
True
Is 34 a multiple of 9?
False
Is 28 a factor of 833?
False
Is 27948 a multiple of 137?
True
Is 90057 a multiple of 19?
False
Does 114 divide 7408?
False
Is 17 a factor of 833?
True
Is 87 a factor of 21402?
True
Is 45 a factor of 945?
True
Is 6554 a multiple of 58?
True
Is 4558 a multiple of 53?
True
Does 13 divide 130?
True
Is 19 a factor of 1387?
True
Is 18 a factor of 2232?
True
Does 4 divide 106?
False
Is 1943 a multiple of 19?
False
Is 21 a factor of 4011?
True
Is 5551 a multiple of 13?
True
Does 4 divide 212?
True
Does 25 divide 611?
False
Is 996 a multiple of 24?
False
Is 447 even?
False
Is 4 a factor of 11943?
False
Does 20 divide 327?
False
Is 935 a multiple of 11?
True
Does 11 divide 580?
False
Is 33 a factor of 3838?
False
Is 59 a factor of 3336?
False
Does 13 divide 12398?
False
Does 5 divide 1977?
False
Is 8811 a multiple of 6?
False
Is 12139 a multiple of 199?
True
Is 41 a factor of 711?
False
Does 43 divide 9632?
True
Is 38 a factor of 798?
True
Is 1311 a multiple of 23?
True
Is 4555 a multiple of 78?
False
Is 2541 a multiple of 21?
True
Is 883 a multiple of 74?
False
Is 17 a factor of 29277?
False
Is 101 a factor of 42882?
False
Is 687 a multiple of 5?
False
Does 44 divide 28151?
False
Is 75 a factor of 2850?
True
Is 29 a factor of 1131?
True
Is 15625 a multiple of 11?
False
Does 28 divide 1708?
True
Does 15 divide 3360?
True
Is 17355 a multiple of 15?
True
Is 180 a factor of 17266?
False
Is 11 a factor of 1427?
False
Is 3249 a multiple of 16?
False
Is 15816 a multiple of 8?
True
Is 20 a factor of 3180?
True
Is 18676 a multiple of 58?
True
Is 6 a factor of 3001?
False
Is 59696 a multiple of 48?
False
Is 14 a factor of 560?
True
Is 990 a multiple of 90?
True
Is 14 a factor of 35112?
True
Does 81 divide 1322?
False
Is 17 a factor of 364?
False
Is 120 a factor of 1747?
False
Is 5 a factor of 3838?
False
Is 18 a factor of 31594?
False
Is 96 a factor of 1038?
False
Is 1920 a multiple of 48?
True
Is 22071 a multiple of 21?
True
Is 457 a multiple of 31?
False
Does 55 divide 3410?
True
Is 63 a factor of 10836?
True
Does 88 divide 6717?
False
Does 11 divide 13858?
False
Is 15 a factor of 1309?
False
Is 1680 a multiple of 7?
True
Does 76 divide 10032?
True
Is 10312 a multiple of 54?
False
Does 89 divide 7120?
True
Is 89 a factor of 44589?
True
Is 48 a factor of 240?
True
Is 132 a factor of 12020?
False
Is 408 a multiple of 17?
True
Is 83 a factor of 2988?
True
Is 29 a factor of 3683?
True
Does 112 divide 5152?
True
Is 9630 a multiple of 28?
False
Is 9717 a multiple of 41?
True
Does 12 divide 18996?
True
Is 238 a multiple of 14?
True
Is 3291 a multiple of 34?
False
Is 21 a factor of 44919?
True
Does 19 divide 1375?
False
Does 9 divide 72?
True
Does 16 divide 29520?
True
Is 8190 a multiple of 35?
True
Is 1377 a multiple of 27?
True
Does 4 divide 275?
False
Does 2 divide 4747?
False
Is 49 a factor of 392?
True
Does 42 divide 3022?
False
Does 19 divide 17324?
False
Does 37 divide 10693?
True
Is 44 a factor of 32045?
False
Is 59 a factor of 123782?
True
Is 65 a factor of 3380?
True
Does 21 divide 935?
False
Is 14 a factor of 3010?
True
Is 10 a factor of 480?
True
Does 8 divide 1703?
False
Is 18800 a multiple of 20?
True
Is 6 a factor of 28134?
True
Is 110 a factor of 6600?
True
Does 40 divide 29680?
True
Does 6 divide 4454?
False
Is 11 a factor of 125?
False
Is 73 a factor of 14321?
False
Is 3336 a multiple of 9?
False
Is 32053 a multiple of 133?
True
Is 220 a factor of 2860?
True
Does 7 divide 756?
True
Does 7 divide 1126?
False
Is 5323 a multiple of 21?
False
Is 8448 a multiple of 32?
True
Does 104 divide 49033?
False
Does 81 divide 7682?
False
Is 119 a factor of 12640?
False
Is 176 a multiple of 88?
True
Is 32 a factor of 1036?
False
Does 98 divide 16209?
False
Is 73 a factor of 4257?
False
Is 1056 a multiple of 17?
False
Is 9478 a multiple of 7?
True
Is 16178 even?
True
Does 5 divide 8720?
True
Is 100 a factor of 710?
False
Is 30 a factor of 300?
True
Is 262 a factor of 49139?
False
Is 864 a multiple of 27?
True
Is 5 a factor of 120?
True
Does 39 divide 4641?
True
Is 4 a factor of 252?
True
Does 19 divide 62095?
False
Does 13 divide 416?
True
Does 13 divide 18347?
False
Does 4 divide 5012?
True
Is 70 a factor of 350?
True
Does 11 divide 88671?
True
Does 59 divide 6254?
True
Is 6481 a multiple of 13?
False
Is 1246 a multiple of 42?
False
Is 16 a factor of 224?
True
Does 5 divide 3219?
False
Is 936 a multiple of 26?
True
Does 5 divide 592?
False
Is 12730 a multiple of 38?
True
Does 56 divide 3332?
False
Does 3 divide 463?
False
Is 44 a factor of 396?
True
Is 199 a multiple of 5?
False
Is 2409 a multiple of 9?
False
Is 1806 a multiple of 42?
True
Is 1097 a multiple of 21?
False
Is 109 a factor of 3293?
False
Does 51 divide 4346?
False
Does 17 divide 4265?
False
Does 12 divide 14757?
False
Is 22 a factor of 4774?
True
Is 951 a multiple of 15?
False
Is 9426 a multiple of 60?
False
Does 105 divide 335?
False
Does 6 divide 102?
True
Does 15 divide 448?
False
Is 78291 a multiple of 15?
False
Is 354 a factor of 17602?
False
Is 103 a factor of 10861?
False
Is 2891 a multiple of 12?
False
Is 19 a factor of 16037?
False
Does 164 divide 42804?
True
Is 3570 a multiple of 62?
False
Is 1109 a multiple of 12?
False
Is 3230 a multiple of 113?
False
Does 58 divide 2320?
True
Is 730 a multiple of 10?
True
Is 6026 a multiple of 46?
True
Does 11 divide 2068?
True
Is 55 a factor of 7107?
False
Does 7 divide 3598?
True
Does 129 divid